83
List the prime factors of 699.
3, 233
List the prime factors of 4092.
2, 3, 11, 31
List the prime factors of 7905.
3, 5, 17, 31
List the prime factors of 3301.
3301
What are the prime factors of 65467?
17, 3851
What are the prime factors of 3987?
3, 443
List the prime factors of 8871.
3, 2957
What are the prime factors of 16869?
3, 5623
List the prime factors of 2011.
2011
List the prime factors of 44737.
7, 11, 83
List the prime factors of 10529.
10529
What are the prime factors of 13268?
2, 31, 107
What are the prime factors of 685?
5, 137
What are the prime factors of 21573?
3, 17, 47
List the prime factors of 63239.
11, 5749
List the prime factors of 104851.
104851
List the prime factors of 10815.
3, 5, 7, 103
What are the prime factors of 3262?
2, 7, 233
What are the prime factors of 4909?
4909
What are the prime factors of 3079?
3079
List the prime factors of 42613.
43, 991
List the prime factors of 88390.
2, 5, 8839
List the prime factors of 1828.
2, 457
What are the prime factors of 13929?
3, 4643
What are the prime factors of 9187?
9187
What are the prime factors of 470?
2, 5, 47
What are the prime factors of 129779?
13, 67, 149
List the prime factors of 7208.
2, 17, 53
List the prime factors of 45207.
3, 5023
List the prime factors of 32637.
3, 11, 23, 43
List the prime factors of 412.
2, 103
List the prime factors of 989.
23, 43
List the prime factors of 4773.
3, 37, 43
List the prime factors of 529.
23
What are the prime factors of 53601?
3, 17, 1051
What are the prime factors of 248?
2, 31
What are the prime factors of 830?
2, 5, 83
List the prime factors of 2355.
3, 5, 157
List the prime factors of 61492.
2, 15373
What are the prime factors of 1944?
2, 3
What are the prime factors of 624?
2, 3, 13
List the prime factors of 15.
3, 5
What are the prime factors of 1226?
2, 613
What are the prime factors of 544?
2, 17
What are the prime factors of 24421?
24421
List the prime factors of 5113.
5113
List the prime factors of 9132.
2, 3, 761
List the prime factors of 2914.
2, 31, 47
List the prime factors of 1148.
2, 7, 41
List the prime factors of 991.
991
List the prime factors of 107593.
17, 6329
What are the prime factors of 26920?
2, 5, 673
List the prime factors of 7479.
3, 277
What are the prime factors of 88?
2, 11
What are the prime factors of 24?
2, 3
What are the prime factors of 15999?
3, 5333
What are the prime factors of 6713?
7, 137
List the prime factors of 7823.
7823
What are the prime factors of 4387?
41, 107
List the prime factors of 50520.
2, 3, 5, 421
List the prime factors of 384.
2, 3
List the prime factors of 760.
2, 5, 19
List the prime factors of 46649.
46649
List the prime factors of 1307.
1307
What are the prime factors of 12689?
12689
List the prime factors of 6902.
2, 7, 17, 29
What are the prime factors of 25854?
2, 3, 31, 139
List the prime factors of 730.
2, 5, 73
List the prime factors of 8345.
5, 1669
What are the prime factors of 4927?
13, 379
List the prime factors of 2078.
2, 1039
What are the prime factors of 3271?
3271
List the prime factors of 2090.
2, 5, 11, 19
List the prime factors of 6740.
2, 5, 337
What are the prime factors of 5721?
3, 1907
List the prime factors of 162157.
167, 971
What are the prime factors of 12677?
7, 1811
What are the prime factors of 942?
2, 3, 157
What are the prime factors of 1818?
2, 3, 101
List the prime factors of 15649.
15649
List the prime factors of 76074.
2, 3, 31, 409
List the prime factors of 1000.
2, 5
What are the prime factors of 12383?
7, 29, 61
List the prime factors of 695.
5, 139
What are the prime factors of 5879?
5879
What are the prime factors of 24959?
11, 2269
List the prime factors of 26316.
2, 3, 17, 43
List the prime factors of 4813.
4813
List the prime factors of 37539.
3, 43, 97
List the prime factors of 2687.
2687
What are the prime factors of 514?
2, 257
List the prime factors of 67078.
2, 11, 3049
List the prime factors of 7781.
31, 251
List the prime factors of 42466.
2, 17, 1249
List the prime factors of 12520.
2, 5, 313
List the prime factors of 167.
167
What are the prime factors of 2392?
2, 13, 23
List the prime factors of 46150.
2, 5, 13, 71
List the prime factors of 50608.
2, 3163
List the prime factors of 57513.
3, 19, 1009
List the prime factors of 5319.
3, 197
List the prime factors of 1127.
7, 23
List the prime factors of 303.
3, 101
List the prime factors of 52848.
2, 3, 367
List the prime factors of 4895.
5, 11, 89
List the prime factors of 18370.
2, 5, 11, 167
What are the prime factors of 1381?
1381
What are the prime factors of 6821?
19, 359
List the prime factors of 104679.
3, 3877
What are the prime factors of 174758?
2, 59, 1481
What are the prime factors of 113?
113
What are the prime factors of 1552?
2, 97
What are the prime factors of 1578?
2, 3, 263
What are the prime factors of 33112?
2, 4139
What are the prime factors of 2945?
5, 19, 31
List the prime factors of 112882.
2, 7, 11, 733
List the prime factors of 3385.
5, 677
What are the prime factors of 4321?
29, 149
What are the prime factors of 13414?
2, 19, 353
List the prime factors of 34359.
3, 13, 881
What are the prime factors of 3600?
2, 3, 5
What are the prime factors of 156474?
2, 3, 8693
What are the prime factors of 21677?
53, 409
List the prime factors of 6251.
7, 19, 47
What are the prime factors of 484?
2, 11
List the prime factors of 9111.
3, 3037
List the prime factors of 2684.
2, 11, 61
What are the prime factors of 855?
3, 5, 19
List the prime factors of 9148.
2, 2287
List the prime factors of 24778.
2, 13, 953
List the prime factors of 532.
2, 7, 19
What are the prime factors of 1063?
1063
What are the prime factors of 55703?
53, 1051
What are the prime factors of 3160?
2, 5, 79
What are the prime factors of 4063?
17, 239
What are the prime factors of 182191?
19, 43, 223
List the prime factors of 130.
2, 5, 13
List the prime factors of 283.
283
What are the prime factors of 70506?
2, 3, 3917
List the prime factors of 29219.
61, 479
List the prime factors of 259.
7, 37
List the prime factors of 337.
337
What are the prime factors of 6244?
2, 7, 223
List the prime factors of 10495.
5, 2099
List the prime factors of 10950.
2, 3, 5, 73
List the prime factors of 16633.
16633
What are the prime factors of 1054?
2, 17, 31
What are the prime factors of 8832?
2, 3, 23
List the prime factors of 9323.
9323
What are the prime factors of 16536?
2, 3, 13, 53
What are the prime factors of 126?
2, 3, 7
What are the prime factors of 91979?
19, 47, 103
List the prime factors of 10546.
2, 5273
List the prime factors of 618.
2, 3, 103
What are the prime factors of 43962?
2, 3, 17, 431
What are the prime factors of 6829?
6829
What are the prime factors of 3111?
3, 17, 61
What are the prime factors of 46452?
2, 3, 7, 79
List the prime factors of 1522.
2, 761
List the prime factors of 2380.
2, 5, 7, 17
What are the prime factors of 486?
2, 3
What are the prime factors of 9209?
9209
What are the prime factors of 5657?
5657
List the prime factors of 51786.
2, 3, 7, 137
What are the prime factors of 2137?
2137
What are the prime factors of 8778?
2, 3, 7, 11, 19
List the prime factors of 20318.
2, 10159
What are the prime factors of 10928?
2, 683
List the prime factors of 6519.
3, 41, 53
What are the prime factors of 10253?
10253
What are the prime factors of 457?
457
What are the prime factors of 253?
11, 23
List the prime factors of 901.
17, 53
What are the prime factors of 9724?
2, 11, 13, 17
List the prime factors of 33281.
23, 1447
List the prime factors of 159599.
11, 1319
What are the prime factors of 4431?
3, 7, 211
List the prime factors of 7787.
13, 599
List the prime factors of 79840.
2, 5, 499
List the prime factors of 1467.
3, 163
What are the prime factors of 15176?
2, 7, 271
List the prime factors of 681.
3, 227
List the prime factors of 22803.
3, 11, 691
What are the prime factors of 217?
7, 31
What are the prime factors of 99?
3, 11
What are the prime factors of 62373?
3, 17, 1223
What are the prime factors of 87432?
2, 3, 3643
What are the prime factors of 779?
19, 41
What are the prime factors of 5805?
3, 5, 43
List the prime factors of 51.
3, 17
List the prime factors of 46641.
3, 7, 2221
What are the prime factors of 34674?
2, 3, 5779
List the 